What are the prime factors of 5837?
13, 449
What are the prime factors of 42177?
3, 17, 827
List the prime factors of 30694.
2, 103, 149
What are the prime factors of 237?
3, 79
List the prime factors of 749.
7, 107
What are the prime factors of 2581?
29, 89
List the prime factors of 11056.
2, 691
List the prime factors of 792.
2, 3, 11
What are the prime factors of 285?
3, 5, 19
What are the prime factors of 1555?
5, 311
List the prime factors of 22117.
17, 1301
List the prime factors of 1148.
2, 7, 41
What are the prime factors of 71080?
2, 5, 1777
What are the prime factors of 63027?
3, 47, 149
What are the prime factors of 154985?
5, 139, 223
List the prime factors of 2720.
2, 5, 17
List the prime factors of 27881.
7, 569
What are the prime factors of 34810?
2, 5, 59
List the prime factors of 3821.
3821
What are the prime factors of 7638?
2, 3, 19, 67
List the prime factors of 18703.
59, 317
List the prime factors of 2716.
2, 7, 97
What are the prime factors of 134?
2, 67
List the prime factors of 11175.
3, 5, 149
What are the prime factors of 507?
3, 13
What are the prime factors of 1077?
3, 359
List the prime factors of 122992.
2, 7687
List the prime factors of 10543.
13, 811
What are the prime factors of 8313?
3, 17, 163
List the prime factors of 931.
7, 19
What are the prime factors of 2174?
2, 1087
What are the prime factors of 6711?
3, 2237
List the prime factors of 1470.
2, 3, 5, 7
What are the prime factors of 27123?
3, 9041
What are the prime factors of 35571?
3, 71, 167
List the prime factors of 765.
3, 5, 17
What are the prime factors of 6941?
11, 631
List the prime factors of 339.
3, 113
List the prime factors of 989.
23, 43
List the prime factors of 42142.
2, 19, 1109
What are the prime factors of 1244?
2, 311
What are the prime factors of 1699?
1699
What are the prime factors of 3106?
2, 1553
What are the prime factors of 270?
2, 3, 5
List the prime factors of 3441.
3, 31, 37
List the prime factors of 13581.
3, 503
List the prime factors of 50067.
3, 5563
List the prime factors of 816.
2, 3, 17
List the prime factors of 15840.
2, 3, 5, 11
What are the prime factors of 8001?
3, 7, 127
What are the prime factors of 3300?
2, 3, 5, 11
List the prime factors of 34680.
2, 3, 5, 17
What are the prime factors of 45337?
45337
What are the prime factors of 9912?
2, 3, 7, 59
What are the prime factors of 3660?
2, 3, 5, 61
List the prime factors of 36738.
2, 3, 13, 157
What are the prime factors of 24178?
2, 7, 11, 157
List the prime factors of 4297.
4297
What are the prime factors of 35395?
5, 7079
List the prime factors of 1242.
2, 3, 23
List the prime factors of 6214.
2, 13, 239
What are the prime factors of 22578?
2, 3, 53, 71
List the prime factors of 24729.
3, 8243
What are the prime factors of 1894?
2, 947
What are the prime factors of 74819?
23, 3253
What are the prime factors of 4167?
3, 463
What are the prime factors of 1828?
2, 457
List the prime factors of 22370.
2, 5, 2237
What are the prime factors of 1294?
2, 647
What are the prime factors of 31165?
5, 23, 271
What are the prime factors of 1281?
3, 7, 61
List the prime factors of 4131.
3, 17
What are the prime factors of 303?
3, 101
List the prime factors of 38099.
31, 1229
List the prime factors of 2848.
2, 89
List the prime factors of 5644.
2, 17, 83
List the prime factors of 1339.
13, 103
What are the prime factors of 3089?
3089
What are the prime factors of 4006?
2, 2003
List the prime factors of 7433.
7433
What are the prime factors of 75123?
3, 17, 491
List the prime factors of 38.
2, 19
List the prime factors of 3191.
3191
List the prime factors of 66704.
2, 11, 379
What are the prime factors of 16274?
2, 79, 103
List the prime factors of 164.
2, 41
What are the prime factors of 55203?
3, 18401
List the prime factors of 11953.
11953
What are the prime factors of 1952?
2, 61
List the prime factors of 1026.
2, 3, 19
List the prime factors of 1732.
2, 433
What are the prime factors of 74?
2, 37
What are the prime factors of 303?
3, 101
List the prime factors of 3452.
2, 863
List the prime factors of 136.
2, 17
What are the prime factors of 79095?
3, 5, 5273
What are the prime factors of 1324?
2, 331
What are the prime factors of 3910?
2, 5, 17, 23
List the prime factors of 11199.
3, 3733
What are the prime factors of 43401?
3, 17, 23, 37
List the prime factors of 5494.
2, 41, 67
What are the prime factors of 1589?
7, 227
List the prime factors of 85035.
3, 5, 5669
List the prime factors of 1424.
2, 89
List the prime factors of 5720.
2, 5, 11, 13
What are the prime factors of 11164?
2, 2791
What are the prime factors of 74539?
131, 569
List the prime factors of 50032.
2, 53, 59
List the prime factors of 2389.
2389
List the prime factors of 7689.
3, 11, 233
List the prime factors of 1158.
2, 3, 193
What are the prime factors of 3936?
2, 3, 41
What are the prime factors of 111?
3, 37
What are the prime factors of 10937?
10937
What are the prime factors of 867?
3, 17
List the prime factors of 66625.
5, 13, 41
What are the prime factors of 116168?
2, 13, 1117
List the prime factors of 925.
5, 37
List the prime factors of 1518.
2, 3, 11, 23
List the prime factors of 6061.
11, 19, 29
What are the prime factors of 5921?
31, 191
List the prime factors of 90566.
2, 7, 6469
List the prime factors of 97680.
2, 3, 5, 11, 37
List the prime factors of 45147.
3, 101, 149
What are the prime factors of 81779?
53, 1543
List the prime factors of 11000.
2, 5, 11
List the prime factors of 60228.
2, 3, 7, 239
List the prime factors of 127.
127
What are the prime factors of 30144?
2, 3, 157
List the prime factors of 29532.
2, 3, 23, 107
List the prime factors of 142.
2, 71
What are the prime factors of 6487?
13, 499
List the prime factors of 11212.
2, 2803
List the prime factors of 55910.
2, 5, 5591
What are the prime factors of 1177?
11, 107
What are the prime factors of 91913?
107, 859
What are the prime factors of 21343?
7, 3049
List the prime factors of 11581.
37, 313
List the prime factors of 31083.
3, 13, 797
List the prime factors of 32365.
5, 6473
List the prime factors of 3690.
2, 3, 5, 41
What are the prime factors of 2452?
2, 613
List the prime factors of 8032.
2, 251
List the prime factors of 6564.
2, 3, 547
What are the prime factors of 53454?
2, 3, 59, 151
List the prime factors of 10038.
2, 3, 7, 239
What are the prime factors of 595?
5, 7, 17
List the prime factors of 17753.
41, 433
What are the prime factors of 72087?
3, 24029
List the prime factors of 14110.
2, 5, 17, 83
List the prime factors of 7849.
47, 167
What are the prime factors of 1233?
3, 137
What are the prime factors of 1134?
2, 3, 7
What are the prime factors of 24531?
3, 13, 17, 37
What are the prime factors of 7813?
13, 601
What are the prime factors of 53001?
3, 13, 151
What are the prime factors of 57795?
3, 5, 3853
What are the prime factors of 1374?
2, 3, 229
What are the prime factors of 2133?
3, 79
List the prime factors of 1444.
2, 19
List the prime factors of 24387.
3, 11, 739
What are the prime factors of 33678?
2, 3, 1871
List the prime factors of 762.
2, 3, 127
What are the prime factors of 147170?
2, 5, 14717
What are the prime factors of 609?
3, 7, 29
List the prime factors of 6146.
2, 7, 439
What are the prime factors of 69303?
3, 13, 1777
List the prime factors of 6163.
6163
What are the prime factors of 1293?
3, 431
What are the prime factors of 780?
2, 3, 5, 13
What are the prime factors of 53825?
5, 2153
What are the prime factors of 13669?
13669
List the prime factors of 7162.
2, 3581
What are the prime factors of 23913?
3, 2657
List the prime factors of 29776.
2, 1861
What are the prime factors of 6244?
2, 7, 223
What are the prime factors of 474?
2, 3, 79
List the prime factors of 59307.
3, 53, 373
What are the prime factors of 736?
2, 23
List the prime factors of 2715.
3, 5, 181
List the prime factors of 2912.
2, 7, 13
What are the prime factors of 717?
3, 239
What are the prime factors of 20840?
2, 5, 521
List the prime factors of 20590.
2, 5, 29, 71
What are the prime factors of 80?
2, 5
List the prime factors of 514.
2, 257
List the prime factors of 475.
5, 19
List the prime factors of 3594.
2, 3, 599
What are the prime factors of 1263?
3, 421
List the prime factors of 41834.
2, 1